 Let q be 595/z + (-1)/(-4). What is the greatest common divisor of 15 and q?
15
Suppose 0 = -r + 4. Suppose -r*g + 302 = -2*o, g + 4*o = -3*g + 296. Suppose 0 = -2*k + 25 + 25. Calculate the greatest common divisor of g and k.
25
Let c(h) = -8*h - 28. Let v be c(-6). Let s = 16 - 11. Calculate the highest common divisor of v and s.
5
Let b = -1784 - -2084. What is the highest common factor of b and 108?
12
Suppose 501 = 3*d - 2*i, -3*d + 72 + 420 = i. What is the highest common factor of d and 75?
15
Suppose 174 = 5*z - 301. Let q = z + -50. Suppose -q = -4*f - s, -f + 3*f - 45 = -5*s. Calculate the highest common factor of f and 10.
10
Suppose 171 - 54 = 9*g. What is the highest common divisor of g and 325?
13
Suppose 7*u - 9*u - 3*q = -702, -4*q + 1755 = 5*u. What is the greatest common divisor of u and 13?
13
Let f = -1469 + 1496. Calculate the highest common divisor of f and 15.
3
Suppose 14 = 2*c - 0*c. Let b(r) = 8*r + 168. Let i be b(-14). Calculate the greatest common divisor of c and i.
7
Suppose -s - 17 = 9. Let a = s - -32. What is the highest common factor of 21 and a?
3
Suppose -2*b - 2*t = 2*b + 18, -4*t = b + 1. Let s be b + 2 - (-1 - 0) - -194. Calculate the greatest common divisor of s and 32.
32
Let d be 21/2*(-3380)/(-91). What is the highest common divisor of 60 and d?
30
Let z = -199 - -211. Let d = -3 + 7. What is the highest common divisor of z and d?
4
Let g(y) = -y**3 + 28*y**2 - 75*y + 45. Let c be g(25). What is the highest common factor of 105 and c?
15
Suppose -3*i + 5*h - 17 = -192, -3*h + 243 = 4*i. Let c = -63 - -88. Let f = c + -13. Calculate the greatest common factor of f and i.
12
Let p be 292 - (-24)/(-3) - (0 + -1). What is the greatest common factor of 75 and p?
15
Let p(l) be the first derivative of l**4/4 - 2*l**3/3 + l**2/2 + 3*l + 19. Let i be p(4). Calculate the greatest common divisor of i and 13.
13
Let l be 1 - (-3)/((-3)/(-34)). Suppose -12*m + 140 = 16*m. What is the highest common factor of m and l?
5
Let s(k) = -5*k + 14. Let r be s(3). Let h be -60*r/4*2. Calculate the highest common divisor of h and 150.
30
Let q = 74 + -72. Suppose 17 = q*l + 1. What is the highest common divisor of 36 and l?
4
Let f be (4/5)/(3/15). Suppose 3*r + c - 2*c - 143 = 0, -3*c = 2*r - 99. Suppose 73*h - r = 67*h. Calculate the greatest common factor of f and h.
4
Suppose 11*r - 102 = 8*r. Calculate the greatest common factor of r and 578.
34
Suppose z + 1336 = -4*q - 59, -4*z - 1392 = 4*q. Let w = q + 765. Calculate the greatest common factor of w and 13.
13
Let p = -1054 + 1241. Calculate the greatest common factor of p and 22.
11
Suppose -y = -0*z - 2*z + 29, -y = -5*z + 74. Suppose 0*d - d = -4*g - 123, 3*d - 4*g - 393 = 0. What is the greatest common divisor of z and d?
15
Suppose 0 = -8*y + 58 + 6. What is the greatest common factor of 200 and y?
8
Suppose 2*j - 4*v = 10, 4*v = -4*j + 2*v + 40. What is the highest common divisor of j and 207?
9
Suppose -189 = 44*u - 1025. Calculate the highest common factor of u and 171.
19
Suppose -112 = 6*l - 178. Calculate the highest common factor of l and 33.
11
Suppose d - h - 3 = 0, d - 6*h = -h + 7. Suppose 4*k = -p - p - 16, d*k + 8 = 4*p. Suppose 22 = 2*q - p*q. What is the highest common divisor of q and 121?
11
Let g(u) = 47*u + 12. Let i be g(11). Suppose 2*q - w - i = 2*w, -q = 2*w - 254. Let d be 8/(-10)*q/(-8). Calculate the greatest common divisor of 286 and d.
26
Let b = 6 + -2. Let o(r) be the first derivative of -r**3/3 + 9*r**2/2 - 5*r - 104. Let i be o(b). Calculate the greatest common divisor of i and 75.
15
Suppose 9*x = 7*x + 24. Suppose 0 = -5*b - 2*a + 45, 3*b + a - 5*a - 1 = 0. Suppose -y + b = -29. What is the greatest common factor of x and y?
12
Let m(b) be the second derivative of 7*b**3/6 - 7*b**2 + 12*b. Let u be m(4). What is the greatest common divisor of u and 154?
14
Suppose -5*n = 3*d - 23, -n = 4*d - 6 - 2. Suppose 5*j + 0*j = -7*j. Suppose -2*q - 8 = j, 2*a - 14 = -4*q + 26. What is the highest common factor of a and n?
4
Suppose -2*w = -8, -2*y + 32 + 188 = w. What is the highest common divisor of y and 684?
36
Suppose -s - 3*w + 5 = 0, -3*s - 2*w = -46 + 3. What is the greatest common divisor of 323 and s?
17
Let g = 539 + -422. What is the greatest common factor of g and 13?
13
Let b be (-3)/9 + 892/3. Let v = b + -201. What is the highest common factor of 32 and v?
32
Let w be (-8 - -5)*(5 - 1). Let m(r) = -r**3 - 13*r**2 - 14*r - 16. Let o be m(w). What is the greatest common divisor of o and 1?
1
Let w be 2/4*5/15*618. Let g = -55 + w. Calculate the highest common factor of 6 and g.
6
Let h be (356/20 + -3)/(4/10). Suppose -h*n = -34*n - 171. What is the highest common divisor of n and 456?
57
Suppose 0 = 4*c - 11*c + 7. Let u be -3*(11 + -8)/(c/(-5)). Suppose 165 = 5*j - 3*q, 0 = 3*j - 4*q - 42 - 68. What is the greatest common divisor of u and j?
15
Let u = -129 - -11. Let i = u + 131. Calculate the highest common factor of i and 26.
13
Suppose 3*u + 2*u - 4*v - 88 = 0, 3*u + 5*v = 75. Let a(s) = s**2 - 5*s - 2. Let n be a(6). Calculate the highest common divisor of u and n.
4
Let c(t) = 2*t**2 + 31*t + 22. Let y be 3/(-2*(-5)/(-70)). Let d be c(y). What is the highest common divisor of 23 and d?
23
Let g = 286 + -470. Let x = 24 - g. Suppose 19*k = -6*k + 650. What is the greatest common factor of k and x?
26
Let q = -104 + 147. Suppose 0 = -5*w - 2 - q. Let t(i) = -4*i + 19. Let c be t(w). What is the highest common divisor of c and 5?
5
Suppose 4*n - 9*n + 5 = 0. Let a be 181 - n/((-1)/(-4)*4). Calculate the highest common factor of a and 20.
20
Let l(i) = 8*i + 12. Let f = 79 - 70. Let v be l(f). Calculate the highest common divisor of v and 56.
28
Suppose 38 = 3*q - q. Let x = 23 - q. Let a = x - -17. Calculate the highest common factor of a and 84.
21
Suppose 2*k - 5 = -3*k. Let g(z) = 14*z + 1. Let b be g(k). Suppose 0 = -a - d + 33, d = 6*d - b. Calculate the highest common factor of a and 90.
30
Let j be -5*7*(2 - 3). Suppose -18*m = -14*m - 28. Suppose -3*z - m = -28. What is the greatest common divisor of j and z?
7
Let a(h) = h**3 - h**2 - 4*h + 5. Let m be a(3). Let o be (8/6)/((-4)/12). Let u be (-2412)/(-20) + o/(-10). What is the greatest common divisor of m and u?
11
Let x be 2*6/126 + (-54592)/(-84). What is the highest common divisor of 100 and x?
50
Let x be (-7 + 14 + -6)*(-528)/(-1). Calculate the highest common divisor of 48 and x.
48
Suppose 67*g - 69*g = -132. What is the highest common divisor of g and 462?
66
Let l(m) = -26*m - 2. Let b be l(-1). Let v be (-465)/(-35) + 2/(-7). Let y = b - v. Calculate the highest common divisor of y and 44.
11
Let s be 9/4*(-256)/(-24). Let f(j) = 2*j**3 + 13*j**2 - j - 26. Let r be f(-6). Calculate the highest common divisor of r and s.
8
Let u = 8 + 0. Suppose 0 = -3*d + 9, -r + 131 + 15 = -2*d. Suppose 4*q = -4*b + 272, -2*b = -3*q + q - r. Calculate the greatest common divisor of b and u.
8
Suppose 49 = -2*j - 55. Let r = 80 - j. Let b(q) = -q**2 + 8*q - 3. Let k be b(3). Calculate the greatest common divisor of r and k.
12
Suppose 2*m - 2*v - 252 = 0, 11*m = 10*m + 4*v + 120. Calculate the highest common factor of m and 112.
16
Let v be (-4084)/(-12) - ((-40)/15 - -2). Calculate the highest common divisor of 11 and v.
11
Let y be 9/(-9) + 145 - 4. Calculate the greatest common factor of y and 56.
28
Suppose 1 = 3*w - 5. Let b = 20 - -110. Suppose -w*h + 4*h = b. Calculate the greatest common divisor of 26 and h.
13
Suppose -26 = -v - 2*i, 17*i + 116 = 4*v + 19*i. Calculate the highest common divisor of v and 70.
10
Suppose -10*o + 0*o + 40 = 0. Suppose -t + 22 = -3*f, -o*t + 78 = -t + 3*f. Let h be (-81)/(-15) - 2/5. Calculate the greatest common divisor of h and t.
5
Suppose 4*s - 16 = -20, 4*s - 2060 = -2*w. What is the highest common divisor of 24 and w?
24
Suppose 14 = 5*s - 46. Suppose 1 = -q - 5*k + s, -k = 5*q - 31. What is the highest common factor of 9 and q?
3
Suppose 36*q = 71*q - 5950. What is the greatest common divisor of 238 and q?
34
Let b be (-14 - 2/(-1)) + 0. Let p = -10 - b. Suppose -o + 81 = p*o. Calculate the highest common divisor of 54 and o.
27
Let z be 1 - (-1 - 132/3). Let u = -42 + z. What is the highest common factor of 4 and 